late the remainder when 5142 is divided by 83.
79
Calculate the remainder when 281 is divided by 9.
2
Calculate the remainder when 597 is divided by 8.
5
What is the remainder when 137 is divided by 37?
26
What is the remainder when 3581 is divided by 112?
109
What is the remainder when 47034 is divided by 23?
22
What is the remainder when 543 is divided by 51?
33
Calculate the remainder when 7 is divided by 2.
1
What is the remainder when 587 is divided by 147?
146
Calculate the remainder when 351 is divided by 51.
45
Calculate the remainder when 292 is divided by 33.
28
What is the remainder when 24081 is divided by 12?
9
What is the remainder when 517 is divided by 124?
21
Calculate the remainder when 168 is divided by 34.
32
Calculate the remainder when 323 is divided by 51.
17
Calculate the remainder when 723 is divided by 193.
144
Calculate the remainder when 247 is divided by 63.
58
What is the remainder when 259 is divided by 87?
85
Calculate the remainder when 56 is divided by 20.
16
What is the remainder when 392 is divided by 33?
29
Calculate the remainder when 51 is divided by 14.
9
What is the remainder when 168 is divided by 73?
22
Calculate the remainder when 1322 is divided by 166.
160
What is the remainder when 637 is divided by 38?
29
Calculate the remainder when 1966 is divided by 34.
28
Calculate the remainder when 135 is divided by 14.
9
Calculate the remainder when 251 is divided by 4.
3
What is the remainder when 2231 is divided by 25?
6
Calculate the remainder when 353 is divided by 171.
11
What is the remainder when 95 is divided by 27?
14
What is the remainder when 11020 is divided by 22?
20
What is the remainder when 345 is divided by 77?
37
Calculate the remainder when 28 is divided by 6.
4
Calculate the remainder when 189 is divided by 39.
33
What is the remainder when 63 is divided by 3?
0
Calculate the remainder when 8909 is divided by 198.
197
Calculate the remainder when 512 is divided by 236.
40
Calculate the remainder when 938 is divided by 5.
3
Calculate the remainder when 164 is divided by 11.
10
Calculate the remainder when 100 is divided by 39.
22
What is the remainder when 155 is divided by 32?
27
Calculate the remainder when 86 is divided by 11.
9
Calculate the remainder when 611 is divided by 36.
35
What is the remainder when 266 is divided by 25?
16
What is the remainder when 9469 is divided by 16?
13
What is the remainder when 6367 is divided by 118?
113
Calculate the remainder when 579 is divided by 209.
161
Calculate the remainder when 393 is divided by 101.
90
What is the remainder when 308 is divided by 6?
2
Calculate the remainder when 1074 is divided by 216.
210
Calculate the remainder when 70 is divided by 33.
4
What is the remainder when 100 is divided by 36?
28
What is the remainder when 802 is divided by 210?
172
What is the remainder when 109 is divided by 32?
13
What is the remainder when 81 is divided by 8?
1
Calculate the remainder when 1670 is divided by 145.
75
Calculate the remainder when 69 is divided by 61.
8
Calculate the remainder when 1328 is divided by 74.
70
What is the remainder when 260 is divided by 29?
28
What is the remainder when 878 is divided by 31?
10
Calculate the remainder when 133 is divided by 126.
7
What is the remainder when 145 is divided by 3?
1
Calculate the remainder when 73 is divided by 2.
1
Calculate the remainder when 475 is divided by 40.
35
Calculate the remainder when 1373 is divided by 179.
120
What is the remainder when 29 is divided by 14?
1
What is the remainder when 413 is divided by 206?
1
What is the remainder when 6060 is divided by 319?
318
Calculate the remainder when 866 is divided by 51.
50
What is the remainder when 1273 is divided by 58?
55
Calculate the remainder when 386 is divided by 8.
2
Calculate the remainder when 46 is divided by 12.
10
Calculate the remainder when 5901 is divided by 13.
12
What is the remainder when 148 is divided by 24?
4
Calculate the remainder when 767 is divided by 48.
47
What is the remainder when 71 is divided by 19?
14
What is the remainder when 1490 is divided by 18?
14
What is the remainder when 2833 is divided by 127?
39
Calculate the remainder when 35 is divided by 22.
13
What is the remainder when 1006 is divided by 243?
34
Calculate the remainder when 470 is divided by 73.
32
What is the remainder when 296 is divided by 145?
6
What is the remainder when 230 is divided by 38?
2
What is the remainder when 925 is divided by 316?
293
Calculate the remainder when 27 is divided by 16.
11
Calculate the remainder when 246 is divided by 237.
9
Calculate the remainder when 63 is divided by 16.
15
What is the remainder when 78 is divided by 22?
12
Calculate the remainder when 853 is divided by 66.
61
Calculate the remainder when 3324 is divided by 301.
13
What is the remainder when 297 is divided by 25?
22
What is the remainder when 133 is divided by 19?
0
What is the remainder when 82 is divided by 46?
36
Calculate the remainder when 405 is divided by 31.
2
What is the remainder when 674 is divided by 27?
26
What is the remainder when 2853 is divided by 12?
9
Calculate the remainder when 57 is divided by 14.
1
What is the remainder when 386 is divided by 39?
35
What is the remainder when 195 is divided by 59?
18
What is the remainder when 33 is divided by 10?
3
Calculate the remainder when 3045 is divided by 122.
117
What is the remainder when 3131 is divided by 136?
3
Calculate the remainder when 150 is divided by 90.
60
What is the remainder when 1391 is divided by 46?
11
Calculate the remainder when 4794 is divided by 44.
42
What is the remainder when 581 is divided by 47?
17
What is the remainder when 1274 is divided by 25?
24
Calculate the remainder when 1358 is divided by 136.
134
What is the remainder when 465 is divided by 18?
15
What is the remainder when 2256 is divided by 63?
51
What is the remainder when 45 is divided by 14?
3
Calculate the remainder when 909 is divided by 133.
111
Calculate the remainder when 881 is divided by 52.
49
What is the remainder when 1298 is divided by 100?
98
What is the remainder when 654 is divided by 172?
138
What is the remainder when 288 is divided by 100?
88
What is the remainder when 125 is divided by 62?
1
Calculate the remainder when 16629 is divided by 42.
39
What is the remainder when 1391 is divided by 116?
115
Calculate the remainder when 372 is divided by 22.
20
What is the remainder when 135 is divided by 23?
20
Calculate the remainder when 8782 is divided by 29.
24
Calculate the remainder when 399 is divided by 60.
39
What is the remainder when 369 is divided by 42?
33
What is the remainder when 105 is divided by 48?
9
Calculate the remainder when 135 is divided by 107.
28
Calculate the remainder when 84 is divided by 11.
7
Calculate the remainder when 311 is divided by 9.
5
What is the remainder when 1243 is divided by 29?
25
What is the remainder when 259 is divided by 80?
19
What is the remainder when 125 is divided by 30?
5
Calculate the remainder when 122 is divided by 37.
11
Calculate the remainder when 6606 is divided by 33.
6
Calculate the remainder when 972 is divided by 22.
4
What is the remainder when 1703 is divided by 40?
23
What is the remainder when 167 is divided by 39?
11
Calculate the remainder when 442 is divided by 138.
28
Calculate the remainder when 108 is divided by 11.
9
Calculate the remainder when 705 is divided by 351.
3
Calculate the remainder when 475 is divided by 42.
13
Calculate the remainder when 2858 is divided by 10.
8
Calculate the remainder when 254 is divided by 7.
2
What is the remainder when 42252 is divided by 76?
72
Calculate the remainder when 2650 is divided by 13.
11
Calculate the remainder when 568 is divided by 199.
170
Calculate the remainder when 251 is divided by 127.
124
Calculate the remainder when 4906 is divided by 10.
6
Calculate the remainder when 810 is divided by 42.
12
Calculate the remainder when 1302 is divided by 108.
6
What is the remainder when 1557 is divided by 52?
49
Calculate the remainder when 486 is divided by 82.
76
What is the remainder when 144 is divided by 6?
0
What is the remainder when 103 is divided by 64?
39
What is the remainder when 249 is divided by 122?
5
What is the 